ousands digit of 3799439?
9
What is the ten thousands digit of 2101561?
0
What is the millions digit of 4776444?
4
What is the units digit of 2258910?
0
What is the hundreds digit of 253701?
7
What is the ten thousands digit of 8141141?
4
What is the units digit of 376475?
5
What is the units digit of 8012111?
1
What is the ten thousands digit of 124666?
2
What is the hundreds digit of 249651?
6
What is the hundred thousands digit of 1437904?
4
What is the ten thousands digit of 355328?
5
What is the units digit of 959411?
1
What is the millions digit of 2018765?
2
What is the thousands digit of 10036439?
6
What is the tens digit of 1257026?
2
What is the ten thousands digit of 277535?
7
What is the units digit of 2613335?
5
What is the thousands digit of 3831161?
1
What is the thousands digit of 1983989?
3
What is the thousands digit of 840998?
0
What is the tens digit of 1428981?
8
What is the units digit of 942805?
5
What is the ten thousands digit of 280848?
8
What is the ten thousands digit of 5300330?
0
What is the hundred thousands digit of 274286?
2
What is the millions digit of 3985662?
3
What is the ten thousands digit of 4073791?
7
What is the units digit of 13635822?
2
What is the hundreds digit of 214631?
6
What is the hundreds digit of 1809755?
7
What is the units digit of 274627?
7
What is the thousands digit of 102087?
2
What is the tens digit of 2591165?
6
What is the hundred thousands digit of 790569?
7
What is the thousands digit of 861122?
1
What is the ten thousands digit of 329952?
2
What is the ten thousands digit of 78932?
7
What is the hundreds digit of 3924548?
5
What is the hundreds digit of 1908406?
4
What is the ten thousands digit of 654731?
5
What is the hundred thousands digit of 706281?
7
What is the tens digit of 174751?
5
What is the hundred thousands digit of 459690?
4
What is the hundreds digit of 15499201?
2
What is the hundreds digit of 2430988?
9
What is the tens digit of 14731?
3
What is the units digit of 16879228?
8
What is the thousands digit of 6683981?
3
What is the thousands digit of 535246?
5
What is the hundreds digit of 3593697?
6
What is the hundreds digit of 356124?
1
What is the tens digit of 700439?
3
What is the tens digit of 143451?
5
What is the hundred thousands digit of 1015385?
0
What is the hundred thousands digit of 735947?
7
What is the tens digit of 128225?
2
What is the hundred thousands digit of 223871?
2
What is the thousands digit of 7081396?
1
What is the hundreds digit of 30060912?
9
What is the hundreds digit of 186170?
1
What is the hundred thousands digit of 1457368?
4
What is the tens digit of 214625?
2
What is the units digit of 15408137?
7
What is the millions digit of 5942230?
5
What is the hundreds digit of 170801?
8
What is the tens digit of 999593?
9
What is the hundreds digit of 30913?
9
What is the ten thousands digit of 45449?
4
What is the hundred thousands digit of 1068616?
0
What is the hundreds digit of 54248?
2
What is the units digit of 30394317?
7
What is the tens digit of 341462?
6
What is the tens digit of 143718?
1
What is the millions digit of 1543013?
1
What is the thousands digit of 18881?
8
What is the hundreds digit of 33333?
3
What is the thousands digit of 249591?
9
What is the hundreds digit of 409764?
7
What is the hundreds digit of 8490116?
1
What is the hundred thousands digit of 8855919?
8
What is the millions digit of 12212221?
2
What is the thousands digit of 4307994?
7
What is the tens digit of 131936?
3
What is the ten thousands digit of 138813?
3
What is the units digit of 3171085?
5
What is the hundred thousands digit of 8966098?
9
What is the tens digit of 12483499?
9
What is the thousands digit of 588349?
8
What is the thousands digit of 475975?
5
What is the thousands digit of 250857?
0
What is the units digit of 2134574?
4
What is the tens digit of 1243688?
8
What is the tens digit of 814774?
7
What is the thousands digit of 2229964?
9
What is the units digit of 62553?
3
What is the ten thousands digit of 35973393?
7
What is the units digit of 1522341?
1
What is the tens digit of 4588916?
1
What is the tens digit of 1834788?
8
What is the tens digit of 13882691?
9
What is the ten thousands digit of 4957709?
5
What is the thousands digit of 12508?
2
What is the tens digit of 751894?
9
What is the hundred thousands digit of 9792790?
7
What is the ten thousands digit of 1036608?
3
What is the ten thousands digit of 109496?
0
What is the hundred thousands digit of 257754?
2
What is the millions digit of 36169142?
6
What is the thousands digit of 76851?
6
What is the hundred thousands digit of 115481?
1
What is the units digit of 562242?
2
What is the tens digit of 329288?
8
What is the tens digit of 5042681?
8
What is the tens digit of 2156445?
4
What is the tens digit of 706904?
0
What is the tens digit of 27447903?
0
What is the ten thousands digit of 569855?
6
What is the tens digit of 692972?
7
What is the thousands digit of 748252?
8
What is the units digit of 923?
3
What is the hundred thousands digit of 223412?
2
What is the hundred thousands digit of 11077617?
0
What is the thousands digit of 307597?
7
What is the millions digit of 7383928?
7
What is the millions digit of 1461338?
1
What is the units digit of 5934343?
3
What is the thousands digit of 59572?
9
What is the hundred thousands digit of 2030169?
0
What is the ten thousands digit of 105907?
0
What is the hundreds digit of 62745?
7
What is the ten thousands digit of 9279534?
7
What is the ten thousands digit of 8844131?
4
What is the millions digit of 6218064?
6
What is the thousands digit of 272830?
2
What is the thousands digit of 324823?
4
What is the units digit of 1428555?
5
What is the ten thousands digit of 786471?
8
What is the hundred thousands digit of 10999061?
9
What is the hundred thousands digit of 6014801?
0
What is the units digit of 422786?
6
What is the tens digit of 15500274?
7
What is the hundreds digit of 2096221?
2
What is the thousands digit of 2711620?
1
What is the tens digit of 4544500?
0
What is the hundreds digit of 238720?
7
What is the hundreds digit of 17223?
2
What is the hundred thousands digit of 126268?
1
What is the ten thousands digit of 74725?
7
What is the tens digit of 557662?
6
What is the units digit of 956031?
1
What is the tens digit of 4607488?
8
What is the ten thousands digit of 8759385?
5
What is the thousands digit of 456393?
6
What is the units digit of 159684?
4
What is the hundred thousands digit of 1854539?
8
What is the tens digit of 1966429?
2
What is the tens digit of 1474393?
9
What is the ten thousands digit of 205532?
0
What is the tens digit of 407686?
8
What is the tens digit of 46838?
3
What is the thousands digit of 3582853?
2
What is the ten thousands digit of 114257?
1
What is the ten thousands digit of 153432?
5
What is the tens digit of 324053?
5
What is the hundred thousands digit of 5215129?
2
What is the thousands digit of 2370602?
0
What is the hundreds digit of 12200643?
6
What is the thousands digit of 31561170?
1
What is the hundreds digit of 131965?
9
What is the units digit of 827232?
2
What is the hundreds digit of 2463759?
7
What is the tens digit of 35370743?
4
What is the units digit of 984242?
2
What is the hundred thousands digit of 2254803?
2
What is the thousands digit of 2172870?
2
What is the units digit of 1101960?
0
What is the tens digit of 3770812?
1
What is the hundreds digit of 64766?
7
What is the units digit of 711645?
5
What is the hundred thousands digit of 3154060?
1
What is the millions digit of 19261837?
9
What is the hundreds digit of 9169?
1
What is the tens digit of 283547?
4
What is the hundred thousands digit of 10525559?
5
What is the ten millions digit of 16036115?
1
What is the units digit of 21879279?
9
What is the thousands digit of 1431826?
1
What is the ten thousands digit of 83633?
8
What is the millions digit of 7185163?
7
What is the ten thousands digit of 7437894?
3
What is the tens digit of 3699140?
4
What is the ten millions digit of 14520978?
1
What is the ten thousands digit of 27638191?
3
What is the hundred thousands digit of 1146703?
1
What is the hundreds digit of 2592023?
0
What is the hundred thousands digit of 232659?
2
What is the tens di